{"id":152,"date":"2025-04-27T18:11:22","date_gmt":"2025-04-27T16:11:22","guid":{"rendered":"https:\/\/neetly.it\/pierpaolo-studio\/?post_type=product&#038;p=152"},"modified":"2026-04-09T04:09:55","modified_gmt":"2026-04-09T02:09:55","slug":"prova-ennesima","status":"publish","type":"product","link":"https:\/\/neetly.it\/pierpaolo-studio\/prodotto\/prova-ennesima\/","title":{"rendered":"Prova Ennesima"},"content":{"rendered":"<p>Al contrario di quanto si pensi, Lorem Ipsum non \u00e8 semplicemente una sequenza casuale di caratteri. Risale ad un classico della letteratura latina del 45 AC, cosa che lo rende vecchio di 2000 anni. Richard McClintock, professore di latino al Hampden-Sydney College in Virginia, ha ricercato una delle pi\u00f9 oscure parole latine, consectetur, da un passaggio del Lorem Ipsum e ha scoperto tra i vari testi in cui \u00e8 citata. Al contrario di quanto si pensi, Lorem Ipsum non \u00e8 semplicemente una sequenza casuale di caratteri. Risale ad un classico della letteratura latina del 45 AC, cosa che lo rende vecchio di 2000 anni. Richard McClintock, professore di latino al Hampden-Sydney College in Virginia, ha ricercato una delle pi\u00f9 oscure parole latine, consectetur, da un passaggio del Lorem Ipsum e ha scoperto tra i vari testi in cui \u00e8 citata. Al contrario di quanto si pensi, Lorem Ipsum non \u00e8 semplicemente una sequenza casuale di caratteri. Risale ad un classico della letteratura latina del 45 AC, cosa che lo rende vecchio di 2000 anni. Richard McClintock, professore di latino al Hampden-Sydney College in Virginia, ha ricercato una delle pi\u00f9 oscure parole latine, consectetur, da un passaggio del Lorem Ipsum e ha scoperto tra i vari testi in cui \u00e8 citata.<\/p>\n","protected":false},"excerpt":{"rendered":"<p>Al contrario di quanto si pensi, Lorem Ipsum non \u00e8 semplicemente una sequenza casuale di caratteri. Risale ad un classico della letteratura latina del 45 AC, cosa che lo rende vecchio di 2000 anni. Richard McClintock, professore di latino al Hampden-Sydney College in Virginia, ha ricercato una delle pi\u00f9 oscure parole latine, consectetur, da un passaggio del Lorem Ipsum e ha scoperto tra i vari testi in cui \u00e8 citata.<\/p>\n","protected":false},"featured_media":76,"comment_status":"open","ping_status":"closed","template":"","meta":{"_acf_changed":false},"product_brand":[],"product_cat":[24],"product_tag":[],"class_list":{"0":"post-152","1":"product","2":"type-product","3":"status-publish","4":"has-post-thumbnail","6":"product_cat-barbieri","8":"first","9":"instock","10":"shipping-taxable","11":"purchasable","12":"product-type-simple"},"acf":[],"_links":{"self":[{"href":"https:\/\/neetly.it\/pierpaolo-studio\/wp-json\/wp\/v2\/product\/152","targetHints":{"allow":["GET"]}}],"collection":[{"href":"https:\/\/neetly.it\/pierpaolo-studio\/wp-json\/wp\/v2\/product"}],"about":[{"href":"https:\/\/neetly.it\/pierpaolo-studio\/wp-json\/wp\/v2\/types\/product"}],"replies":[{"embeddable":true,"href":"https:\/\/neetly.it\/pierpaolo-studio\/wp-json\/wp\/v2\/comments?post=152"}],"wp:featuredmedia":[{"embeddable":true,"href":"https:\/\/neetly.it\/pierpaolo-studio\/wp-json\/wp\/v2\/media\/76"}],"wp:attachment":[{"href":"https:\/\/neetly.it\/pierpaolo-studio\/wp-json\/wp\/v2\/media?parent=152"}],"wp:term":[{"taxonomy":"product_brand","embeddable":true,"href":"https:\/\/neetly.it\/pierpaolo-studio\/wp-json\/wp\/v2\/product_brand?post=152"},{"taxonomy":"product_cat","embeddable":true,"href":"https:\/\/neetly.it\/pierpaolo-studio\/wp-json\/wp\/v2\/product_cat?post=152"},{"taxonomy":"product_tag","embeddable":true,"href":"https:\/\/neetly.it\/pierpaolo-studio\/wp-json\/wp\/v2\/product_tag?post=152"}],"curies":[{"name":"wp","href":"https:\/\/api.w.org\/{rel}","templated":true}]}}